 78. Determine q(12).
-6
Let j(x) = x**2 + 12*x + 7. Determine j(-8).
-25
Let g(x) = 8*x**2 + 3*x - 3. What is g(2)?
35
Let m(f) = -f**2 - 4*f + 8. What is m(-5)?
3
Let u(s) = 5*s - 12. Calculate u(8).
28
Let u(i) = i - 12. Give u(-9).
-21
Let g(r) = r**3 - 9*r**2 - 12*r - 12. Determine g(9).
-120
Let p(c) = 2*c**3 - 7*c**2 + 11*c - 26. What is p(3)?
-2
Let b(p) = p**3 - 14*p**2 + 16*p - 40. Determine b(13).
-1
Let g(d) = -6*d**2 + 30*d + 8. What is g(5)?
8
Let m(w) = -w**2 + 3*w + 4. Calculate m(0).
4
Let t(r) = 30*r + 215. Give t(-6).
35
Let y(f) = 8*f. Give y(-1).
-8
Let c(k) = -2*k**2 - 3*k. Determine c(-2).
-2
Let y(w) = 16*w**3 + 3*w**2 + 8*w - 10. Calculate y(1).
17
Let j(a) = a**2 + 9*a - 30. Determine j(-12).
6
Let p(x) = -40*x + 71. Calculate p(2).
-9
Let k(m) = m**3 + 9*m**2 + 13*m + 23. Give k(-8).
-17
Let u(p) = p**3 - 29*p**2 - 31*p + 32. What is u(30)?
2
Let q(u) = u + 11. Calculate q(-1).
10
Let z(i) = 31*i - 7. Give z(-1).
-38
Let f(l) = -15*l + 2. Give f(5).
-73
Let a(v) = -v**2 - 2*v - 3. Determine a(-4).
-11
Let n(r) = r**3 + r**2 - r + 7. Calculate n(-5).
-88
Let r(f) = 2*f - 36. Give r(15).
-6
Let i(u) = u**2 - 5*u + 1. Give i(0).
1
Let g(s) = -2*s**2 + 12*s - 6. Give g(5).
4
Let v(n) = -n**2 - 5*n + 3. Calculate v(-4).
7
Let n(w) = -w**2 - w + 23. Give n(-8).
-33
Let f(j) = 2*j + 62. Determine f(-33).
-4
Let i(z) = -8*z**2 + z - 6. What is i(2)?
-36
Let i(y) = -7*y**3 + 330*y**2 - 47*y + 2. Calculate i(47).
2
Let r(z) = z**2 + 12*z - 4. What is r(-12)?
-4
Let b(r) = 10*r + 70. Give b(-7).
0
Let z(k) = k**3 + 6*k**2 + 7*k + 10. Calculate z(-5).
0
Let x(v) = 3*v**2 + 21*v + 40. Determine x(-3).
4
Let d(i) = -14*i**3 - 3*i**2 - 1. What is d(-1)?
10
Let x(j) = j**2 - j - 38. Give x(-5).
-8
Let z(t) = -t**3 - 4*t**2 + 2*t - 10. Determine z(-5).
5
Let t(p) = -p**2 + 5*p + 43. Give t(-5).
-7
Let c(y) = 3*y - 66. What is c(22)?
0
Let l(d) = d**2 + 2*d + 4. What is l(-3)?
7
Let s(g) = 51*g**3 + 3*g**2 - g - 1. Determine s(-1).
-48
Let v(n) = 3*n**3 - 2*n**2 - 2*n + 2. Determine v(2).
14
Let y(d) = d**3 - d**2 - 17*d + 22. Give y(4).
2
Let x(u) = u**2 - 26*u - 85. Calculate x(29).
2
Let k(b) = -b**3 - b**2 + b + 6. Give k(0).
6
Let s(f) = f**3 - 3*f**2 - 6*f + 11. Give s(5).
31
Let l(m) = m**3 + 7*m**2 + 5*m - 8. Calculate l(-6).
-2
Let g(h) = 3*h - 20. Calculate g(8).
4
Let k(m) = m + 3. What is k(-5)?
-2
Let j(h) = 4*h - 8. What is j(0)?
-8
Let a(k) = -k**2 - 6*k - 3. What is a(-4)?
5
Let s(i) = 2*i - 15. Determine s(5).
-5
Let y(b) = -b**2 - 40*b - 144. What is y(-36)?
0
Let u(k) = -18*k + 59. Calculate u(3).
5
Let c(l) = -l**2 - 9*l - 10. Determine c(-6).
8
Let p(r) = -r**2 - 21*r - 44. Determine p(-21).
-44
Let u(c) = 2*c**3 + 15*c**2 + 8*c + 5. What is u(-7)?
-2
Let s(a) = 2*a**2 + 4*a - 5. Determine s(0).
-5
Let t(u) = u**3 + 9*u**2 - 48*u + 47. Give t(-13).
-5
Let l(g) = -2*g + 3. What is l(2)?
-1
Let b(j) = -j**3 + 4*j**2 + j - 7. Give b(3).
5
Let j(n) = 6*n + 7. What is j(-4)?
-17
Let x(u) = -u**2 + 13*u - 18. Calculate x(14).
-32
Let u(r) = 6*r**2 + r + 4. Calculate u(-2).
26
Let i(k) = 4*k**3 - 5*k**2 + 3*k + 3. Calculate i(2).
21
Let s(o) = -3*o - 14. What is s(-10)?
16
Let m(j) = -9*j - 1. Give m(-2).
17
Let l(d) = -6*d - 86. What is l(-15)?
4
Let d(k) = -4*k + 32. Calculate d(15).
-28
Let u(x) = x**2 - 14*x + 4. Determine u(14).
4
Let v(p) = -p**2 + 10*p + 23. Determine v(13).
-16
Let c(i) = 2*i + 6. Give c(8).
22
Let i(j) = 5*j**2 - 13*j - 32. Give i(-5).
158
Let w(m) = -10*m**2 - 68*m + 12. What is w(-7)?
-2
Let w(m) = m**2 - 8*m + 2. Calculate w(0).
2
Let l(a) = -a. Give l(0).
0
Let a(k) = 2*k - 45. What is a(0)?
-45
Let j(d) = -14*d + 4. Give j(-4).
60
Let j(b) = -15*b**2 - b + 1. What is j(-2)?
-57
Let c(t) = t**2 + 2*t + 5. What is c(-6)?
29
Let v(i) = -i**3 + 5*i**2 - 6*i + 3. Determine v(4).
-5
Let q(d) = 10*d + 61. What is q(-4)?
21
Let i(m) = -m**2 + 8*m - 1. Determine i(5).
14
Let v(s) = -s**2 + 20*s + 4. Calculate v(18).
40
Let o(x) = -2*x - 43. Give o(-15).
-13
Let f(g) = -5*g - 75. Give f(-10).
-25
Let j(h) = -3*h + 57. Give j(20).
-3
Let t(f) = f**3 - 6*f**2 - 8*f - 4. What is t(6)?
-52
Let v(i) = -18*i**2 - 9*i - 8. Give v(-1).
-17
Let x(n) = -2*n - 69. Give x(-8).
-53
Let p(l) = -l**2 - 2. Calculate p(2).
-6
Let q(p) = -2*p**2 + 8*p - 3. Determine q(6).
-27
Let q(o) = -o**3 - 36*o**2 - 98*o + 38. Calculate q(-33).
5
Let k(w) = -w**3 - 4*w**2 + 13*w + 39. Give k(-5).
-1
Let j(v) = 6*v**2 + 10*v + 10. Calculate j(-1).
6
Let j(a) = -4*a + 130. Determine j(34).
-6
Let j(b) = -b**3 - 2*b**2 + 2*b + 3. Determine j(-5).
68
Let t(y) = y**2 + 18*y - 62. What is t(-21)?
1
Let m(u) = 9*u + 25. Determine m(-8).
-47
Let l(p) = 2*p**2 + 5*p + 8. Determine l(-3).
11
Let x(k) = 9*k + 30. Calculate x(-4).
-6
Let g(a) = 2*a**2 + a - 7. Calculate g(-3).
8
Let c(b) = -9*b**2 - 1. Determine c(-1).
-10
Let k(m) = 3*m - 34. What is k(10)?
-4
Let a(x) = -37*x + 216. Calculate a(6).
-6
Let o(l) = -l**2 + 4*l + 6. What is o(6)?
-6
Let w(d) = d**2 + 38*d + 81. Calculate w(-36).
9
Let v(s) = -s**2 - 13*s. Give v(-13).
0
Let s(i) = -15*i + 52. What is s(4)?
-8
Let g(y) = -10*y - 34. Give g(-3).
-4
Let d(g) = 2*g. Determine d(9).
18
Let g(b) = b**2 - 9*b + 3. What is g(7)?
-11
Let j(w) = -w**2 + 6*w - 2. Calculate j(6).
-2
Let c(f) = -10*f - 3. What is c(2)?
-23
Let s(c) = c**2 - 10*c + 23. Give s(10).
23
Let c(w) = -w**2 + 10*w + 50. Calculate c(14).
-6
Let w(g) = g**3 + 2*g**2 - 7*g + 8. What is w(-4)?
4
Let d(i) = -164*i - 489. Give d(-3).
3
Let m(u) = u**3 - 7*u**2 - 10*u + 24. What is m(8)?
8
Let n(z) = 3*z - 141. Determine n(47).
0
Let q(p) = 2*p**2 - 25*p + 30. Determine q(11).
-3
Let c(d) = 14*d - 283. What is c(20)?
-3
Let h(p) = -p**2 - 4*p - 6. Calculate h(5).
-51
Let p(f) = 2*f**2 + 21*f - 10. Calculate p(-11).
1
Let j(z) = z**2 + 4*z - 2. Calculate j(-6).
10
Let w(h) = h**2 - h. Determine w(1).
0
Let g(a) = -a**2 + 10*a + 51. What is g(-4)?
-5
Let c(f) = -f**3 - 12*f**2 + 11*f + 14. Determine c(-13).
40
Let m(f) = f**2 + 14*f + 7. Determine m(-9).
-38
Let u(f) = -2*f**2 - 8*f - 18. What is u(-4)?
-18
Let p(s) = 11*s - 8. Give p(3).
25
Let z(a) = -a**2 - 5*a - 5. Calculate z(-5).
-5
Let s(m) = -m**2 + 14*m - 15. What is s(12)?
9
Let n(y) = -y**2 - 3*y + 4. Calculate n(-4).
0
Let k(c) = 18*c + 9. What is k(4)?
81
Let t(q) = -q**2 + 3*q. Give t(-3).
-18
Let q(c) = 2*c**3 + 13*c**2 + 12*c + 22. What is q(-6)?
-14
Let w(o) = -2*o**2 + 28*o - 30. What is w(13)?
-4
Let z(h) = 40*h + 2. What is z(-1)?
-38
Let s(o) = -o**3 - 5*o**2 + 4*o - 7. Determine s(-6).
5
Let r(c) = -c**3 - 2*c**2 + 3*c + 1. Determine r(-4).
21
Let b(d) = d**3 + 3*d**2 + d + 6. Determine b(-3).
3
Let j(p) = -p**3 - 14*p**2 + 14*p - 9. Determine j(-15).
6
Let h(i) = -i**2 + 5*i - 9. Determine h(-6).
-75
Let o(w) = -w**2 - 26*w - 57. What is o(-24)?
-9
Let y(g) = g**3 + 9*g**2 - 6. Give y(-9).
-6
Let f(q) = -2*q**2 - 17*q - 34. Determine f(-3).
-1
Let c(r) = -r**2 - 34*r - 53. Give c(-25).
172
Let n(b) = -b + 9. Calculate n(16).
-7
Let c(l) = 2*l**2 - 6*l - 2. Give c(-5).
78
Let p(l) = -15*l - 190. Determine p(-12).
-10
Let s(j) = 4*j - 30. What is s(4)?
-14
Let i(t) = -6*t**2 - 2*t. Determine i(2).
-28
Let y(p) = 6*p - 5. Calculate y(4).
19
Let r(q) = 29*q**2 + 2*q + 3. Calculate r(-1).
30
Let m(y) = -2*y**2 - 13*y + 29. What is m(-9)?
-16
Let l(i) = -7*i + 1. Determine l(3).
-20
Let p(r) = 2*r**2 + 6*r + 4. Give p(-5).
24
Let m(y) = 5*y - 5. What is m(6)?
25
Let a(j) = -j**3 + 12*j**2 + 28*j + 47. What is a(14)?
47
Let p(x) = x**3 - 6*x**2 - 18*x - 5. What is p(8)?
-21
Let x(s) = 7*s**3 - s**2 + 2*s - 1. Calculate x(1).
7
Let r(g) = -g**3 + 7*g**2 + 43*g - 2. Calculate r(-4).
2
Let f(r) = -5*r + 126. What is f(21)?
21
Let o(u) = 3*u**2 - 2. Calculate o(-1).
1
Let h(f) = f**2 + 4*f - 12. Give h(-6).
0
Let k(y) = y**3 - 5*y**2 + 3*y + 3. Give k(6).
57
Let q(a) = -a**3 + 2*a**2 + 7*a - 6. What is q(3)?
6
Let j(u) = u**3 + 16*u**2 + 2*u + 14. Calculate j(-16).
-18
Let o(j) = 2*j**2 + 5*j + 1. Determine o(-5).
26
Let b(i) = -i**3 - 9*i**2 - i - 2. Give b(-8).
-58
Let p(v) = -v**3 + 9*v**2 + 3*v + 16. What is p(8)?
104
Let v(f) = -2*f**2 - 25*f + 415. Determine v(-22).
-3
Let n(v) = v**3 + 24*v**2 - 52*v - 3. What is n(-26)?
-3
Let b(a) = a**2 - 10*a - 